{"id":2,"date":"2024-03-16T22:09:45","date_gmt":"2024-03-16T21:09:45","guid":{"rendered":"http:\/\/talesbytheroadside.eu\/?page_id=2"},"modified":"2026-01-18T03:57:29","modified_gmt":"2026-01-18T02:57:29","slug":"poznajmy-sie","status":"publish","type":"page","link":"https:\/\/talesbytheroadside.eu\/?page_id=2","title":{"rendered":"Poznajmy si\u0119"},"content":{"rendered":"\n<p>Nie lubisz sta\u0107 w miejscu? Podr\u00f3\u017cowanie to dla Ciebie co\u015b wi\u0119cej ni\u017c &#8222;forma&#8221; sp\u0119dzania wolnego czasu?  A mo\u017ce w\u0142a\u015bnie wr\u00f3ci\u0142e\u015b z podr\u00f3\u017cy? Ruszasz gdzie\u015b? Cokolwiek&#8230; dobrze trafi\u0142e\u015b. Rozgo\u015b\u0107 si\u0119. <\/p>\n\n\n\n<p>Zapraszam na wiaderko kawy (lub greckiej herbatki) i opowie\u015bci przydro\u017cnicze. Wracaj tu, gdy poczujesz potrzeb\u0119.  <\/p>\n\n\n\n<blockquote class=\"wp-block-quote is-layout-flow wp-block-quote-is-layout-flow\">\n<p>Wszystko zacz\u0119\u0142o si\u0119 od motocykla? A mo\u017ce jeszcze wcze\u015bniej? Nie ma sensu si\u0119ga\u0107 pami\u0119ci\u0105 a\u017c tak daleko. Wa\u017cne jak jest teraz. A teraz bywam w r\u00f3\u017cnych miejscach i nie tylko motocyklem&#8230; <\/p>\n\n\n\n<p>Warto jednak wspomnie\u0107, \u017ce zanim powsta\u0142y opowie\u015bci przydro\u017cnicze istnia\u0142a pracownia spe\u0142niania marze\u0144 (kt\u00f3ra dzia\u0142a do dzi\u015b), to pierwsze podr\u00f3\u017ce motocyklowe j\u0105 nap\u0119dza\u0142y. Codzienne \u017cycie szybko wyklarowa\u0142o, \u017ce marzenia si\u0119 spe\u0142niaj\u0105, ale nie same! Trzeba je w tym wesprzec! Rodzina, przyjaciele, decyzje, wydarzenia. Tak nast\u0105pi\u0142y czasy, gdzie wa\u017cniejszym od zakupu piekarnika by\u0142&#8230; wyjazd w ska\u0142y. Przecie\u017c potrawy przy\u017c\u0105dzone na kuchence turystycznej smakuj\u0105 r\u00f3wnie pysznie, a poza tym i tak lubi\u0119 dania jednogarowe&#8230; Zreszt\u0105 te wspinanie te\u017c pojawi\u0142o si\u0119 niespodziewanie a jeszcze bardziej niespodziewanie zosta\u0142o. Kolejn\u0105 ewolucj\u0105 by\u0142y strz\u0119pki z podr\u00f3\u017cy, kt\u00f3re ostatecznie przybra\u0142y form\u0119 opowie\u015bci przydro\u017cniczych. \u017bycie to podr\u00f3\u017c. Miejsca, ludzie, zwierz\u0105tka, zdarzenia&#8230; Nie wszystko co spotkane, zostaje na d\u0142ugo, cz\u0119\u015b\u0107 umiera z biegeim czasu, a jeszcze inne nie przetrwa ma\u0142ej chwili. Niezmiennie podr\u00f3\u017c toczy si\u0119 dalej..<\/p>\n\n\n\n<p>A mo\u017ce wystarczy\u0142o powiedzie\u0107 mam na imi\u0119 Karolina vel. Frytarda?<\/p>\n\n\n\n<figure class=\"wp-block-image size-large wp-duotone-unset-1\"><img loading=\"lazy\" decoding=\"async\" width=\"1024\" height=\"768\" src=\"https:\/\/talesbytheroadside.eu\/wp-content\/uploads\/2024\/03\/opowiesci_przydroznicze-1024x768.jpg\" alt=\"\" class=\"wp-image-81\" srcset=\"https:\/\/talesbytheroadside.eu\/wp-content\/uploads\/2024\/03\/opowiesci_przydroznicze-1024x768.jpg 1024w, https:\/\/talesbytheroadside.eu\/wp-content\/uploads\/2024\/03\/opowiesci_przydroznicze-300x225.jpg 300w, https:\/\/talesbytheroadside.eu\/wp-content\/uploads\/2024\/03\/opowiesci_przydroznicze-768x576.jpg 768w, https:\/\/talesbytheroadside.eu\/wp-content\/uploads\/2024\/03\/opowiesci_przydroznicze-1536x1152.jpg 1536w, https:\/\/talesbytheroadside.eu\/wp-content\/uploads\/2024\/03\/opowiesci_przydroznicze.jpg 2048w\" sizes=\"auto, (max-width: 1024px) 100vw, 1024px\" \/><\/figure>\n\n\n\n<p><strong>A Ty kim jeste\u015b?<\/strong> <\/p>\n\n\n\n<p>Daj si\u0119 pozna\u0107! Zostaw lajka na <a href=\"https:\/\/www.facebook.com\/opowiesciprzydroznicze\" data-type=\"link\" data-id=\"https:\/\/www.facebook.com\/opowiesciprzydroznicze\">FB<\/a> lub <a href=\"https:\/\/www.instagram.com\/tales_by_the_roadside\" data-type=\"link\" data-id=\"https:\/\/www.instagram.com\/tales_by_the_roadside\">Instagramie<\/a> i wskakuj na stopa na ty\u0142y dziadka Fazerka albo do busa pe\u0142nego przyg\u00f3d!<\/p>\n<\/blockquote>\n\n\n\n<div class=\"wp-block-group alignwide is-layout-flow wp-block-group-is-layout-flow\" style=\"padding-top:var(--wp--preset--spacing--50);padding-bottom:var(--wp--preset--spacing--50)\">\n<hr class=\"wp-block-separator has-alpha-channel-opacity is-style-wide\"\/>\n\n\n\n<div class=\"wp-block-columns is-layout-flex wp-container-core-columns-is-layout-633352e7 wp-block-columns-is-layout-flex\" style=\"padding-top:var(--wp--preset--spacing--10)\">\n<div class=\"wp-block-column is-layout-flow wp-block-column-is-layout-flow\" style=\"flex-basis:57%\">\n<p style=\"text-align: justify\">W czasach ciasteczek, nie mam wp\u0142ywu na to co dzieje si\u0119 na zapleczu w silniku strony, czy przegl\u0105darki albo urz\u0105dze\u0144 z kt\u00f3rych korzystasz, ale osobi\u015bcie nie gromadz\u0119 i nie wykorzystuj\u0119 Twoich danych. Nie gromad\u017a i nie wykorzystuj moich. Cytaty, zdj\u0119cia i co nie moje publikuj\u0119 z poszanowaniem autora. Teksty na stronie s\u0105 moj\u0105 w\u0142asno\u015bci\u0105, Chcesz je wykorzysta\u0107? \u015amia\u0142o, ale nie zapomnij doda\u0107, kto jest autorem.<\/p>\n<\/div>\n\n\n\n<div class=\"wp-block-column is-layout-flow wp-block-column-is-layout-flow\" style=\"flex-basis:30%\">\n<div class=\"wp-block-group is-vertical is-layout-flex wp-container-core-group-is-layout-ea0cb840 wp-block-group-is-layout-flex\">\n<h3 class=\"wp-block-heading has-body-font-family has-medium-font-size\"><strong>Obserwuj<\/strong><\/h3>\n<\/div>\n\n\n\n<ul class=\"wp-block-social-links is-layout-flex wp-block-social-links-is-layout-flex\"><li class=\"wp-social-link wp-social-link-facebook  wp-block-social-link\"><a href=\"https:\/\/www.facebook.com\/opowiesciprzydroznicze\" class=\"wp-block-social-link-anchor\"><svg width=\"24\" height=\"24\" viewBox=\"0 0 24 24\" version=\"1.1\" xmlns=\"http:\/\/www.w3.org\/2000\/svg\" aria-hidden=\"true\" focusable=\"false\"><path d=\"M12 2C6.5 2 2 6.5 2 12c0 5 3.7 9.1 8.4 9.9v-7H7.9V12h2.5V9.8c0-2.5 1.5-3.9 3.8-3.9 1.1 0 2.2.2 2.2.2v2.5h-1.3c-1.2 0-1.6.8-1.6 1.6V12h2.8l-.4 2.9h-2.3v7C18.3 21.1 22 17 22 12c0-5.5-4.5-10-10-10z\"><\/path><\/svg><span class=\"wp-block-social-link-label screen-reader-text\">Facebook<\/span><\/a><\/li>\n\n<li class=\"wp-social-link wp-social-link-instagram  wp-block-social-link\"><a href=\"https:\/\/www.instagram.com\/tales_by_the_roadside\" class=\"wp-block-social-link-anchor\"><svg width=\"24\" height=\"24\" viewBox=\"0 0 24 24\" version=\"1.1\" xmlns=\"http:\/\/www.w3.org\/2000\/svg\" aria-hidden=\"true\" focusable=\"false\"><path d=\"M12,4.622c2.403,0,2.688,0.009,3.637,0.052c0.877,0.04,1.354,0.187,1.671,0.31c0.42,0.163,0.72,0.358,1.035,0.673 c0.315,0.315,0.51,0.615,0.673,1.035c0.123,0.317,0.27,0.794,0.31,1.671c0.043,0.949,0.052,1.234,0.052,3.637 s-0.009,2.688-0.052,3.637c-0.04,0.877-0.187,1.354-0.31,1.671c-0.163,0.42-0.358,0.72-0.673,1.035 c-0.315,0.315-0.615,0.51-1.035,0.673c-0.317,0.123-0.794,0.27-1.671,0.31c-0.949,0.043-1.233,0.052-3.637,0.052 s-2.688-0.009-3.637-0.052c-0.877-0.04-1.354-0.187-1.671-0.31c-0.42-0.163-0.72-0.358-1.035-0.673 c-0.315-0.315-0.51-0.615-0.673-1.035c-0.123-0.317-0.27-0.794-0.31-1.671C4.631,14.688,4.622,14.403,4.622,12 s0.009-2.688,0.052-3.637c0.04-0.877,0.187-1.354,0.31-1.671c0.163-0.42,0.358-0.72,0.673-1.035 c0.315-0.315,0.615-0.51,1.035-0.673c0.317-0.123,0.794-0.27,1.671-0.31C9.312,4.631,9.597,4.622,12,4.622 M12,3 C9.556,3,9.249,3.01,8.289,3.054C7.331,3.098,6.677,3.25,6.105,3.472C5.513,3.702,5.011,4.01,4.511,4.511 c-0.5,0.5-0.808,1.002-1.038,1.594C3.25,6.677,3.098,7.331,3.054,8.289C3.01,9.249,3,9.556,3,12c0,2.444,0.01,2.751,0.054,3.711 c0.044,0.958,0.196,1.612,0.418,2.185c0.23,0.592,0.538,1.094,1.038,1.594c0.5,0.5,1.002,0.808,1.594,1.038 c0.572,0.222,1.227,0.375,2.185,0.418C9.249,20.99,9.556,21,12,21s2.751-0.01,3.711-0.054c0.958-0.044,1.612-0.196,2.185-0.418 c0.592-0.23,1.094-0.538,1.594-1.038c0.5-0.5,0.808-1.002,1.038-1.594c0.222-0.572,0.375-1.227,0.418-2.185 C20.99,14.751,21,14.444,21,12s-0.01-2.751-0.054-3.711c-0.044-0.958-0.196-1.612-0.418-2.185c-0.23-0.592-0.538-1.094-1.038-1.594 c-0.5-0.5-1.002-0.808-1.594-1.038c-0.572-0.222-1.227-0.375-2.185-0.418C14.751,3.01,14.444,3,12,3L12,3z M12,7.378 c-2.552,0-4.622,2.069-4.622,4.622S9.448,16.622,12,16.622s4.622-2.069,4.622-4.622S14.552,7.378,12,7.378z M12,15 c-1.657,0-3-1.343-3-3s1.343-3,3-3s3,1.343,3,3S13.657,15,12,15z M16.804,6.116c-0.596,0-1.08,0.484-1.08,1.08 s0.484,1.08,1.08,1.08c0.596,0,1.08-0.484,1.08-1.08S17.401,6.116,16.804,6.116z\"><\/path><\/svg><span class=\"wp-block-social-link-label screen-reader-text\">Instagram<\/span><\/a><\/li><\/ul>\n\n\n\n<p><strong>Rozszyfruj i pisz<\/strong><\/p>\n\n\n\n<p>contact malpa talesbytherodise eu <\/p>\n<\/div>\n\n\n\n<div class=\"wp-block-column is-layout-flow wp-block-column-is-layout-flow\" style=\"flex-basis:30%\">\n<div class=\"wp-block-columns is-not-stacked-on-mobile is-layout-flex wp-container-core-columns-is-layout-28f84493 wp-block-columns-is-layout-flex\">\n<div class=\"wp-block-column is-layout-flow wp-block-column-is-layout-flow\">\n<div class=\"wp-block-group is-vertical is-layout-flex wp-container-core-group-is-layout-ea0cb840 wp-block-group-is-layout-flex\">\n<h3 class=\"wp-block-heading has-body-font-family has-medium-font-size\"><strong>Wpadnij do przyjaci\u00f3\u0142<\/strong><\/h3>\n\n\n\n<p><a href=\"https:\/\/bulldozer.com.pl\/\">bulldozer.com.pl<\/a><\/p>\n\n\n\n<p><a href=\"http:\/\/piknikwsakwach.pl\/\" data-type=\"link\" data-id=\"http:\/\/piknikwsakwach.pl\/\" target=\"_blank\" rel=\"noreferrer noopener\">piknikwsakwach.pl<\/a><\/p>\n\n\n\n<p><a href=\"https:\/\/balticboulder.pl\/\" data-type=\"link\" data-id=\"https:\/\/balticboulder.pl\/\" target=\"_blank\" rel=\"noreferrer noopener\">balticboulder.pl<\/a><\/p>\n<\/div>\n<\/div>\n<\/div>\n<\/div>\n<\/div>\n\n\n\n<div class=\"wp-block-group is-content-justification-space-between is-layout-flex wp-container-core-group-is-layout-e5edad21 wp-block-group-is-layout-flex\">\n<div class=\"wp-block-group is-layout-flex wp-container-core-group-is-layout-fe1ad1e6 wp-block-group-is-layout-flex\">\n<p class=\"has-small-font-size\">\u00a9<\/p>\n\n\n<p style=\"font-style:normal;font-weight:400;\" class=\"wp-block-site-title has-small-font-size\"><a href=\"https:\/\/talesbytheroadside.eu\" target=\"_self\" rel=\"home\">tales_by_the_roadside<\/a><\/p><\/div>\n<\/div>\n<\/div>\n","protected":false},"excerpt":{"rendered":"<p>Nie lubisz sta\u0107 w miejscu? Podr\u00f3\u017cowanie to dla Ciebie co\u015b wi\u0119cej ni\u017c &#8222;forma&#8221; sp\u0119dzania wolnego czasu? A mo\u017ce w\u0142a\u015bnie wr\u00f3ci\u0142e\u015b z podr\u00f3\u017cy? Ruszasz gdzie\u015b? Cokolwiek&#8230; dobrze trafi\u0142e\u015b. Rozgo\u015b\u0107 si\u0119. Zapraszam na wiaderko kawy (lub greckiej herbatki) i opowie\u015bci przydro\u017cnicze. Wracaj tu, gdy poczujesz potrzeb\u0119.<\/p>\n","protected":false},"author":1,"featured_media":0,"parent":0,"menu_order":0,"comment_status":"closed","ping_status":"closed","template":"","meta":{"footnotes":""},"class_list":["post-2","page","type-page","status-publish","hentry"],"_links":{"self":[{"href":"https:\/\/talesbytheroadside.eu\/index.php?rest_route=\/wp\/v2\/pages\/2","targetHints":{"allow":["GET"]}}],"collection":[{"href":"https:\/\/talesbytheroadside.eu\/index.php?rest_route=\/wp\/v2\/pages"}],"about":[{"href":"https:\/\/talesbytheroadside.eu\/index.php?rest_route=\/wp\/v2\/types\/page"}],"author":[{"embeddable":true,"href":"https:\/\/talesbytheroadside.eu\/index.php?rest_route=\/wp\/v2\/users\/1"}],"replies":[{"embeddable":true,"href":"https:\/\/talesbytheroadside.eu\/index.php?rest_route=%2Fwp%2Fv2%2Fcomments&post=2"}],"version-history":[{"count":19,"href":"https:\/\/talesbytheroadside.eu\/index.php?rest_route=\/wp\/v2\/pages\/2\/revisions"}],"predecessor-version":[{"id":1108,"href":"https:\/\/talesbytheroadside.eu\/index.php?rest_route=\/wp\/v2\/pages\/2\/revisions\/1108"}],"wp:attachment":[{"href":"https:\/\/talesbytheroadside.eu\/index.php?rest_route=%2Fwp%2Fv2%2Fmedia&parent=2"}],"curies":[{"name":"wp","href":"https:\/\/api.w.org\/{rel}","templated":true}]}}